 is divided by 1135?
1104
Calculate the remainder when 93542 is divided by 1422.
1112
Calculate the remainder when 580441 is divided by 178.
161
What is the remainder when 283136 is divided by 141558?
20
Calculate the remainder when 6011148 is divided by 80148.
48
What is the remainder when 3801641 is divided by 316789?
173
What is the remainder when 4091399 is divided by 36?
35
Calculate the remainder when 152418 is divided by 326.
176
What is the remainder when 1818415 is divided by 17821?
673
What is the remainder when 5705556 is divided by 7?
3
Calculate the remainder when 1036498 is divided by 270.
238
What is the remainder when 2298325 is divided by 1424?
1413
Calculate the remainder when 61019699 is divided by 97.
6
What is the remainder when 2562083 is divided by 2562073?
10
Calculate the remainder when 60701 is divided by 30244.
213
Calculate the remainder when 7332435 is divided by 407347.
189
Calculate the remainder when 3406622 is divided by 63.
23
Calculate the remainder when 162640001 is divided by 116.
113
Calculate the remainder when 62022 is divided by 351.
246
Calculate the remainder when 1877321005 is divided by 771.
769
Calculate the remainder when 6619078 is divided by 179.
16
What is the remainder when 24080342 is divided by 157?
153
What is the remainder when 981429 is divided by 4072?
77
Calculate the remainder when 284772101 is divided by 65950.
1
What is the remainder when 621064 is divided by 7763?
24
What is the remainder when 467215 is divided by 1171?
1157
What is the remainder when 1938503 is divided by 27?
11
What is the remainder when 116835912 is divided by 15?
12
Calculate the remainder when 1909012 is divided by 184.
12
Calculate the remainder when 9091141 is divided by 267385.
51
Calculate the remainder when 122596 is divided by 117.
97
Calculate the remainder when 522475 is divided by 320.
235
What is the remainder when 43166142 is divided by 16908?
18
Calculate the remainder when 22217235 is divided by 49.
47
What is the remainder when 3733491 is divided by 250?
241
What is the remainder when 35725 is divided by 965?
20
What is the remainder when 412876 is divided by 86?
76
Calculate the remainder when 186157 is divided by 436.
421
Calculate the remainder when 3211227 is divided by 1327.
1214
What is the remainder when 585131 is divided by 33?
8
What is the remainder when 1839165 is divided by 1648?
1645
What is the remainder when 123923076 is divided by 3158?
3156
Calculate the remainder when 177941 is divided by 6844.
6841
What is the remainder when 6178075 is divided by 882582?
1
What is the remainder when 28362 is divided by 5581?
457
What is the remainder when 140944 is divided by 1510?
514
What is the remainder when 3150388 is divided by 216?
28
Calculate the remainder when 60842 is divided by 1339.
587
What is the remainder when 3944164 is divided by 170?
164
What is the remainder when 118341063 is divided by 2606?
2603
What is the remainder when 66901 is divided by 5516?
709
Calculate the remainder when 4466150 is divided by 38834.
240
Calculate the remainder when 15298 is divided by 6506.
2286
Calculate the remainder when 4059505 is divided by 158.
11
What is the remainder when 53114810 is divided by 165?
155
Calculate the remainder when 791569923 is divided by 1895.
1893
What is the remainder when 8339250 is divided by 94?
40
What is the remainder when 15795 is divided by 680?
155
Calculate the remainder when 93089350 is divided by 3458.
3448
Calculate the remainder when 341323913 is divided by 360.
353
What is the remainder when 151321229 is divided by 1674?
1673
Calculate the remainder when 140675 is divided by 10046.
31
What is the remainder when 1401493 is divided by 3959?
7
Calculate the remainder when 12775277 is divided by 80.
77
Calculate the remainder when 1289720091 is divided by 238.
233
What is the remainder when 27639097 is divided by 31?
24
What is the remainder when 185868 is divided by 18578?
88
What is the remainder when 89298 is divided by 44273?
752
What is the remainder when 109624 is divided by 4764?
52
What is the remainder when 160539 is divided by 22495?
3074
Calculate the remainder when 48808999 is divided by 7832.
7807
What is the remainder when 1613070 is divided by 1019?
1012
Calculate the remainder when 195614622 is divided by 936.
918
What is the remainder when 126230415 is divided by 7012800?
15
What is the remainder when 571102 is divided by 500?
102
Calculate the remainder when 33227804 is divided by 152.
148
Calculate the remainder when 21011223 is divided by 42.
9
Calculate the remainder when 52191 is divided by 1087.
15
What is the remainder when 1343730 is divided by 111?
75
Calculate the remainder when 16414090 is divided by 1336.
1330
Calculate the remainder when 4106897 is divided by 315915.
2
Calculate the remainder when 407550 is divided by 2263.
210
Calculate the remainder when 298621 is divided by 5971.
71
What is the remainder when 7115553 is divided by 2371847?
12
What is the remainder when 2474533 is divided by 2474527?
6
Calculate the remainder when 1987504 is divided by 1987443.
61
Calculate the remainder when 388067 is divided by 2109.
11
What is the remainder when 3121853 is divided by 1488?
29
Calculate the remainder when 136435 is divided by 1229.
16
What is the remainder when 582510 is divided by 43?
32
What is the remainder when 87288041 is divided by 17?
11
Calculate the remainder when 5984273 is divided by 2070.
1973
What is the remainder when 1302331 is divided by 651092?
147
What is the remainder when 865604 is divided by 679?
558
Calculate the remainder when 1736599 is divided by 759.
7
What is the remainder when 316364 is divided by 24334?
22
What is the remainder when 258869425 is divided by 394?
393
Calculate the remainder when 171470540 is divided by 811.
810
Calculate the remainder when 601576 is divided by 646.
150
What is the remainder when 1935856 is divided by 18974?
508
What is the remainder when 1976061 is divided by 101?
97
Calculate the remainder when 65896 is divided by 473.
149
Calculate the remainder when 26835 is divided by 26715.
120
What is the remainder when 26863 is divided by 26620?
243
Calculate the remainder when 20883 is divided by 3056.
2547
What is the remainder when 217928 is divided by 72619?
71
What is the remainder when 73352 is divided by 147?
146
What is the remainder when 218646 is divided by 3763?
392
What is the remainder when 2540865 is divided by 239?
56
What is the remainder when 470016 is divided by 20431?
103
Calculate the remainder when 21667553 is divided by 305.
48
What is the remainder when 145736 is divided by 912?
728
What is the remainder when 357887 is divided by 71576?
7
Calculate the remainder when 65108694 is divided by 3553.
3522
Calculate the remainder when 230903927 is divided by 76967974.
5
Calculate the remainder when 429658017 is divided by 235.
232
What is the remainder when 44616634 is divided by 1295?
1294
What is the remainder when 37047140 is divided by 178?
0
What is the remainder when 139805 is divided by 69706?
393
What is the remainder when 343841 is divided by 55963?
8063
Calculate the remainder when 156508 is divided by 7433.
415
What is the remainder when 2797376 is divided by 932289?
509
What is the remainder when 1946672 is divided by 486045?
2492
What is the remainder when 475623 is divided by 118902?
15
What is the remainder when 2326777 is divided by 2454?
385
What is the remainder when 746411 is divided by 746403?
8
What is the remainder when 260491 is divided by 51597?
2506
What is the remainder when 2076631 is divided by 264?
7
What is the remainder when 1382764 is divided by 5295?
769
Calculate the remainder when 1367861 is divided by 455932.
65
Calculate the remainder when 5324077 is divided by 898.
733
Calculate the remainder when 5060284 is divided by 1686755.
19
Calculate the remainder when 11883 is divided by 1176.
123
Calculate the remainder when 44428 is divided by 8620.
1328
Calculate the remainder when 128162097 is divided by 547.
544
Calculate the remainder when 130330 is divided by 64735.
860
Calculate the remainder when 15079529 is divided by 10.
9
What is the remainder when 1008321 is divided by 36011?
13
What is the remainder when 20637 is 